{"id":58,"date":"2024-04-27T15:10:02","date_gmt":"2024-04-27T18:10:02","guid":{"rendered":"https:\/\/vigodent.com.br\/ing\/onde-encontrar\/home\/"},"modified":"2024-05-29T11:29:06","modified_gmt":"2024-05-29T15:29:06","slug":"home","status":"publish","type":"page","link":"https:\/\/vigodent.com.br\/ing\/onde-encontrar\/","title":{"rendered":"Home"},"content":{"rendered":"\t\t<div data-elementor-type=\"wp-page\" data-elementor-id=\"58\" class=\"elementor elementor-58\">\n\t\t\t\t\t\t<section class=\"elementor-section elementor-top-section elementor-element elementor-element-2woam06 elementor-section-height-min-height elementor-section-boxed elementor-section-height-default elementor-section-items-middle\" data-id=\"2woam06\" data-element_type=\"section\" data-settings=\"{&quot;background_background&quot;:&quot;classic&quot;}\">\n\t\t\t\t\t\t\t<div class=\"elementor-background-overlay\"><\/div>\n\t\t\t\t\t\t\t<div class=\"elementor-container elementor-column-gap-no\">\n\t\t\t\t\t<div class=\"elementor-column elementor-col-50 elementor-top-column elementor-element elementor-element-yrc2o3p\" data-id=\"yrc2o3p\" data-element_type=\"column\">\n\t\t\t<div class=\"elementor-widget-wrap elementor-element-populated\">\n\t\t\t\t\t\t<div class=\"elementor-element elementor-element-282e80a elementor-widget elementor-widget-heading\" data-id=\"282e80a\" data-element_type=\"widget\" data-widget_type=\"heading.default\">\n\t\t\t\t<div class=\"elementor-widget-container\">\n\t\t\t<h1 class=\"elementor-heading-title elementor-size-default\">Where to find \nVigodent products?<\/h1>\t\t<\/div>\n\t\t\t\t<\/div>\n\t\t\t\t<div class=\"elementor-element elementor-element-f210447 elementor-widget elementor-widget-heading\" data-id=\"f210447\" data-element_type=\"widget\" data-widget_type=\"heading.default\">\n\t\t\t\t<div class=\"elementor-widget-container\">\n\t\t\t<h2 class=\"elementor-heading-title elementor-size-default\">Find distributors near you!<\/h2>\t\t<\/div>\n\t\t\t\t<\/div>\n\t\t\t\t<div class=\"elementor-element elementor-element-a9612b9 elementor-widget elementor-widget-shortcode\" data-id=\"a9612b9\" data-element_type=\"widget\" data-widget_type=\"shortcode.default\">\n\t\t\t\t<div class=\"elementor-widget-container\">\n\t\t\t\t\t<div class=\"elementor-shortcode\">\r\n<div class=\"mylisting-basic-form text-center\" :class=\"tabMode==='dark'?'featured-light':tabMode\"\r\n\tdata-listing-types=\"{&quot;dentais-online&quot;:{&quot;id&quot;:116,&quot;name&quot;:&quot;Distributors&quot;,&quot;icon&quot;:&quot;\\t\\t\\t&lt;i class=\\&quot;fa fa-shopping-cart\\&quot;&gt;&lt;\\\/i&gt;\\r\\n\\t\\t&quot;,&quot;slug&quot;:&quot;dentais-online&quot;,&quot;filters&quot;:{&quot;sort&quot;:&quot;top-rated&quot;,&quot;title&quot;:&quot;&quot;}}}\"\r\n\tdata-config=\"{&quot;form_id&quot;:&quot;sform-7TkkT&quot;,&quot;tabs_mode&quot;:&quot;transparent&quot;,&quot;types_display&quot;:&quot;tabs&quot;,&quot;box_shadow&quot;:false,&quot;target_url&quot;:&quot;https:\\\/\\\/vigodent.com.br\\\/ing\\\/onde-encontrar\\\/explore\\\/&quot;}\"\r\n\tv-cloak>\r\n\t<div class=\"featured-search wide\">\r\n\t\t<div class=\"fs-tabs\">\r\n\t\t\t\t\t\t\t<ul class=\"nav nav-tabs cts-carousel no-list-style\" role=\"tablist\">\r\n\t\t\t\t\t<li v-for=\"listingType, key in types\" role=\"presentation\" :class=\"activeType.id===listingType.id?'active':''\">\r\n\t\t\t\t\t\t<a role=\"tab\" @click=\"activeType=listingType\">\r\n\t\t\t\t\t\t\t<div class=\"lt-icon\" v-html=\"listingType.icon\"><\/div>\r\n\t\t\t\t\t\t\t{{ listingType.name }}\r\n\t\t\t\t\t\t<\/a>\r\n\t\t\t\t\t<\/li>\r\n\t\t\t\t\t<li role=\"presentation\" class=\"cts-prev\">prev<\/li>\r\n\t\t\t\t\t<li role=\"presentation\" class=\"cts-next\">next<\/li>\r\n\t\t\t\t<\/ul>\r\n\t\t\t\r\n\t\t\t<div class=\"tab-content\" :class=\"boxShadow?'add-box-shadow':''\">\r\n\t\t\t\t\t\t\t\t\t<div role=\"tabpanel\" class=\"tab-pane fade in filter-count-3\"\r\n\t\t\t\t\t\t:class=\"activeType.id===116?'active':''\">\r\n\r\n\t\t\t\t\t\t<form method=\"GET\">\r\n\t\t\t\t\t\t\t\r\n\t\t\t\t\t\t\t\t\t\t\t\t\t\t\t\r\n<order-filter\r\n    listing-type=\"dentais-online\"\r\n    filter-key=\"sort\"\r\n    location=\"basic-form\"\r\n    label=\"Sort by\"\r\n\t:choices=\"[{&quot;key&quot;:&quot;top-rated&quot;,&quot;label&quot;:&quot;Top Rankings&quot;,&quot;notes&quot;:[]},{&quot;key&quot;:&quot;latest&quot;,&quot;label&quot;:&quot;Latest&quot;,&quot;notes&quot;:[]},{&quot;key&quot;:&quot;random&quot;,&quot;label&quot;:&quot;Random&quot;,&quot;notes&quot;:[]},{&quot;key&quot;:&quot;a-z&quot;,&quot;label&quot;:&quot;A-Z&quot;,&quot;notes&quot;:[]}]\"\r\n    @input=\"filterChanged\"\r\n\tinline-template\r\n>\r\n    <div v-if=\"location === 'primary-filter'\" class=\"explore-head-search\">\r\n        <i class=\"mi format_list_bulleted\"><\/i>\r\n        <select :value=\"filters[filterKey]\" @select:change=\"updateInput\" ref=\"select\" required>\r\n            <option v-for=\"choice in choices\" :value=\"choice.key\">{{choice.label}}<\/option>\r\n        <\/select>\r\n    <\/div>\r\n\t<div v-else class=\"form-group explore-filter orderby-filter md-group\" :class=\"wrapperClasses\">\r\n        <select :value=\"filters[filterKey]\" @select:change=\"updateInput\" ref=\"select\" required>\r\n            <option v-for=\"choice in choices\" :value=\"choice.key\">{{choice.label}}<\/option>\r\n        <\/select>\r\n    \t<label>{{label}}<\/label>\r\n    \t<div class=\"orderby-filter-notes\"\r\n            v-if=\"location==='advanced-form' && hasNote(filters[filterKey], 'has-proximity-clause')\">\r\n            <p>{{locationDetails}}<\/p>\r\n    \t<\/div>\r\n\t<\/div>\r\n<\/order-filter>\r\n\t\t\t\t\t\t\t\t\t\t\t\t\t\t\t\r\n<text-filter\r\n    listing-type=\"dentais-online\"\r\n    filter-key=\"title\"\r\n    location=\"basic-form\"\r\n    label=\"Search for Dental (optional)\"\r\n    @input=\"filterChanged\"\r\n    inline-template\r\n>\r\n    <div v-if=\"location === 'primary-filter'\" class=\"explore-head-search\">\r\n        <i class=\"mi search\"><\/i>\r\n        <input required ref=\"input\" type=\"text\" :placeholder=\"label\"\r\n            :value=\"filters[filterKey]\" @input=\"updateInput\">\r\n    <\/div>\r\n    <div v-else class=\"form-group explore-filter text-filter md-group\">\r\n        <input :aria-label=\"label\" required ref=\"input\" type=\"text\"\r\n            :value=\"filters[filterKey]\" @input=\"updateInput\">\r\n        <label>{{label}}<\/label>\r\n    <\/div>\r\n<\/text-filter>\r\n\t\t\t\t\t\t\t\r\n\t\t\t\t\t\t\t<div class=\"form-group\">\r\n\t\t\t\t\t\t\t\t<button class=\"buttons button-2 search\" @click.prevent=\"submit\">\r\n\t\t\t\t\t\t\t\t\t<i class=\"mi search\"><\/i>\r\n\t\t\t\t\t\t\t\t\tSearch\t\t\t\t\t\t\t\t<\/button>\r\n\t\t\t\t\t\t\t<\/div>\r\n\t\t\t\t\t\t<\/form>\r\n\t\t\t\t\t<\/div>\r\n\t\t\t\t\t\t\t<\/div>\r\n\t\t<\/div>\r\n\t<\/div>\r\n<\/div>\r\n<\/div>\n\t\t\t\t<\/div>\n\t\t\t\t<\/div>\n\t\t\t\t\t<\/div>\n\t\t<\/div>\n\t\t\t\t<div class=\"elementor-column elementor-col-50 elementor-top-column elementor-element elementor-element-cec9f71 elementor-hidden-tablet elementor-hidden-mobile\" data-id=\"cec9f71\" data-element_type=\"column\">\n\t\t\t<div class=\"elementor-widget-wrap\">\n\t\t\t\t\t\t\t<\/div>\n\t\t<\/div>\n\t\t\t\t\t<\/div>\n\t\t<\/section>\n\t\t\t\t<section class=\"elementor-section elementor-top-section elementor-element elementor-element-d0b2231 elementor-section-boxed elementor-section-height-default elementor-section-height-default\" data-id=\"d0b2231\" data-element_type=\"section\" data-settings=\"{&quot;background_background&quot;:&quot;classic&quot;}\">\n\t\t\t\t\t\t\t<div class=\"elementor-background-overlay\"><\/div>\n\t\t\t\t\t\t\t<div class=\"elementor-container elementor-column-gap-default\">\n\t\t\t\t\t<div class=\"elementor-column elementor-col-100 elementor-top-column elementor-element elementor-element-7083d95\" data-id=\"7083d95\" data-element_type=\"column\">\n\t\t\t<div class=\"elementor-widget-wrap\">\n\t\t\t\t\t\t\t<\/div>\n\t\t<\/div>\n\t\t\t\t\t<\/div>\n\t\t<\/section>\n\t\t\t\t<section class=\"elementor-section elementor-top-section elementor-element elementor-element-ut6fvk4 elementor-section-boxed elementor-section-height-default elementor-section-height-default\" data-id=\"ut6fvk4\" data-element_type=\"section\" data-settings=\"{&quot;background_background&quot;:&quot;classic&quot;}\">\n\t\t\t\t\t\t<div class=\"elementor-container elementor-column-gap-default\">\n\t\t\t\t\t<div class=\"elementor-column elementor-col-100 elementor-top-column elementor-element elementor-element-1447pnb\" data-id=\"1447pnb\" data-element_type=\"column\">\n\t\t\t<div class=\"elementor-widget-wrap elementor-element-populated\">\n\t\t\t\t\t\t<div class=\"elementor-element elementor-element-91ea783 elementor-widget elementor-widget-heading\" data-id=\"91ea783\" data-element_type=\"widget\" data-widget_type=\"heading.default\">\n\t\t\t\t<div class=\"elementor-widget-container\">\n\t\t\t<h2 class=\"elementor-heading-title elementor-size-default\">Best Rated Dental<\/h2>\t\t<\/div>\n\t\t\t\t<\/div>\n\t\t\t\t<div class=\"elementor-element elementor-element-hp3s60y elementor-widget elementor-widget-case27-listing-feed-widget\" data-id=\"hp3s60y\" data-element_type=\"widget\" data-widget_type=\"case27-listing-feed-widget.default\">\n\t\t\t\t<div class=\"elementor-widget-container\">\n\t\t\t\r\n<section class=\"i-section listing-feed \"\r\n\tdata-lf-config=\"{&quot;widget_id&quot;:&quot;hp3s60y&quot;,&quot;template&quot;:&quot;grid&quot;,&quot;listing_types&quot;:[&quot;dentais-fisicas&quot;,&quot;dentais-online&quot;],&quot;pagination&quot;:{&quot;enabled&quot;:false,&quot;type&quot;:&quot;prev-next&quot;},&quot;disable_isotope&quot;:false,&quot;filters&quot;:{&quot;page&quot;:null,&quot;posts_per_page&quot;:3,&quot;order_by&quot;:&quot;_case27_average_rating&quot;,&quot;order&quot;:&quot;DESC&quot;,&quot;priority&quot;:&quot;&quot;,&quot;behavior&quot;:&quot;yes&quot;,&quot;authors&quot;:[],&quot;categories&quot;:&quot;&quot;,&quot;regions&quot;:&quot;&quot;,&quot;tags&quot;:&quot;&quot;,&quot;custom_taxonomies&quot;:[],&quot;listings&quot;:[{&quot;listing_id&quot;:&quot;&quot;,&quot;_id&quot;:&quot;e532e21&quot;}]},&quot;listing_wrap&quot;:&quot;col-lg-4 col-md-4 col-sm-6 col-xs-12 grid-item&quot;,&quot;query&quot;:{&quot;method&quot;:&quot;filters&quot;,&quot;string&quot;:&quot;&quot;,&quot;cache_for&quot;:720}}\"\r\n>\r\n<div class=\"container-fluid\">\r\n\t<div class=\"row section-body\">\r\n\t\t\t\t\t<div class=\"results-wrapper\" :class=\"{ loading: loading, grid: isotope }\">\r\n\t\t\t\t<div class=\"col-lg-4 col-md-4 col-sm-6 col-xs-12 grid-item\"><div\r\n    class=\"lf-item-container listing-preview type-dentais-online lf-type-2 no-logo no-tagline has-info-fields level-normal priority-0\"\r\n    data-id=\"listing-id-708\"\r\n        data-category-icon=\"\t\t\t&lt;i class=&quot;mi bookmark_border&quot; style=&quot;color: #ffffff; background: #009cd8; &quot;&gt;&lt;\/i&gt;\r\n\t\t\"\r\n    data-category-color=\"#009cd8\"\r\n    data-category-text-color=\"#ffffff\"\r\n        data-thumbnail=\"https:\/\/vigodent.com.br\/ing\/onde-encontrar\/wp-content\/themes\/my-listing\/assets\/images\/marker.jpg\"\r\n    data-marker=\"https:\/\/vigodent.com.br\/ing\/onde-encontrar\/wp-content\/themes\/my-listing\/assets\/images\/marker.jpg\"\r\n    data-template=\"alternate\"\r\n    data-locations=\"[{&quot;address&quot;:&quot;Boulevard Chacabuco 398, C\\u00f3rdova, C\\u00f3rdova, X5000, Argentina&quot;,&quot;lat&quot;:&quot;-31.42171&quot;,&quot;lng&quot;:&quot;-64.18214&quot;}]\"\r\n>\r\n<div class=\"lf-item lf-item-alternate\" data-template=\"alternate\">\r\n    <a href=\"https:\/\/vigodent.com.br\/ing\/onde-encontrar\/dental-online\/veca-s-a-carrizo-dental\/\">\r\n\r\n        <div class=\"overlay\" style=\"\r\n    background-color: #242429;\r\n    opacity: 0.15;\r\n\"><\/div>\r\n        \r\n                    <div class=\"lf-background\" style=\"background-image: url('https:\/\/vigodent.com.br\/ing\/onde-encontrar\/wp-content\/uploads\/2024\/04\/CapaPadraoEscuro-768x300.jpg');\"><\/div>\r\n        \r\n        <div class=\"lf-item-info-2\">\r\n            \r\n            <h4 class=\"case27-primary-text listing-preview-title\">\r\n                VECA S.A ( CARRIZO DENTAL )                            <\/h4>\r\n\r\n            \r\n            \r\n<ul class=\"lf-contact no-list-style\">\r\n\t<\/ul>\r\n        <\/div>\r\n\r\n    <\/a>\r\n        <div class=\"lf-head level-normal\">\r\n    \r\n    <\/div><\/div>\r\n\r\n<\/div>\r\n<\/div><div class=\"col-lg-4 col-md-4 col-sm-6 col-xs-12 grid-item\"><div\r\n    class=\"lf-item-container listing-preview type-dentais-online lf-type-2 no-logo no-tagline has-info-fields level-normal priority-0\"\r\n    data-id=\"listing-id-707\"\r\n        data-category-icon=\"\t\t\t&lt;i class=&quot;mi bookmark_border&quot; style=&quot;color: #ffffff; background: #009cd8; &quot;&gt;&lt;\/i&gt;\r\n\t\t\"\r\n    data-category-color=\"#009cd8\"\r\n    data-category-text-color=\"#ffffff\"\r\n        data-thumbnail=\"https:\/\/vigodent.com.br\/ing\/onde-encontrar\/wp-content\/themes\/my-listing\/assets\/images\/marker.jpg\"\r\n    data-marker=\"https:\/\/vigodent.com.br\/ing\/onde-encontrar\/wp-content\/themes\/my-listing\/assets\/images\/marker.jpg\"\r\n    data-template=\"alternate\"\r\n    data-locations=\"[{&quot;address&quot;:&quot;El Colegio - El Charquito, 250057 Soacha, Cundinamarca, Col\\u00f4mbia&quot;,&quot;lat&quot;:&quot;4.57460&quot;,&quot;lng&quot;:&quot;-74.29557&quot;}]\"\r\n>\r\n<div class=\"lf-item lf-item-alternate\" data-template=\"alternate\">\r\n    <a href=\"https:\/\/vigodent.com.br\/ing\/onde-encontrar\/dental-online\/ultradental-sas\/\">\r\n\r\n        <div class=\"overlay\" style=\"\r\n    background-color: #242429;\r\n    opacity: 0.15;\r\n\"><\/div>\r\n        \r\n                    <div class=\"lf-background\" style=\"background-image: url('https:\/\/vigodent.com.br\/ing\/onde-encontrar\/wp-content\/uploads\/2024\/04\/CapaPadraoEscuro-768x300.jpg');\"><\/div>\r\n        \r\n        <div class=\"lf-item-info-2\">\r\n            \r\n            <h4 class=\"case27-primary-text listing-preview-title\">\r\n                ULTRADENTAL SAS                            <\/h4>\r\n\r\n            \r\n            \r\n<ul class=\"lf-contact no-list-style\">\r\n\t            <li >\r\n            \t                \t<i class=\"mi phone_iphone sm-icon\"><\/i>\r\n            \t                +593 99 156 3520            <\/li>\r\n        <\/ul>\r\n        <\/div>\r\n\r\n    <\/a>\r\n        <div class=\"lf-head level-normal\">\r\n    \r\n    <\/div><\/div>\r\n\r\n<\/div>\r\n<\/div><div class=\"col-lg-4 col-md-4 col-sm-6 col-xs-12 grid-item\"><div\r\n    class=\"lf-item-container listing-preview type-dentais-online lf-type-2 no-logo no-tagline has-info-fields level-normal priority-0\"\r\n    data-id=\"listing-id-706\"\r\n        data-category-icon=\"\t\t\t&lt;i class=&quot;mi bookmark_border&quot; style=&quot;color: #ffffff; background: #009cd8; &quot;&gt;&lt;\/i&gt;\r\n\t\t\"\r\n    data-category-color=\"#009cd8\"\r\n    data-category-text-color=\"#ffffff\"\r\n        data-thumbnail=\"https:\/\/vigodent.com.br\/ing\/onde-encontrar\/wp-content\/themes\/my-listing\/assets\/images\/marker.jpg\"\r\n    data-marker=\"https:\/\/vigodent.com.br\/ing\/onde-encontrar\/wp-content\/themes\/my-listing\/assets\/images\/marker.jpg\"\r\n    data-template=\"alternate\"\r\n    data-locations=\"[{&quot;address&quot;:&quot;Farmacias SAAS, Municipio Valencia, Carabobo 20, Venezuela&quot;,&quot;lat&quot;:&quot;10.15800&quot;,&quot;lng&quot;:&quot;-68.00046&quot;}]\"\r\n>\r\n<div class=\"lf-item lf-item-alternate\" data-template=\"alternate\">\r\n    <a href=\"https:\/\/vigodent.com.br\/ing\/onde-encontrar\/dental-online\/tecnologia-medica\/\">\r\n\r\n        <div class=\"overlay\" style=\"\r\n    background-color: #242429;\r\n    opacity: 0.15;\r\n\"><\/div>\r\n        \r\n                    <div class=\"lf-background\" style=\"background-image: url('https:\/\/vigodent.com.br\/ing\/onde-encontrar\/wp-content\/uploads\/2024\/04\/CapaPadraoEscuro-768x300.jpg');\"><\/div>\r\n        \r\n        <div class=\"lf-item-info-2\">\r\n            \r\n            <h4 class=\"case27-primary-text listing-preview-title\">\r\n                TECNOLOG\u00cdA M\u00c9DICA                            <\/h4>\r\n\r\n            \r\n            \r\n<ul class=\"lf-contact no-list-style\">\r\n\t            <li >\r\n            \t                \t<i class=\"mi phone_iphone sm-icon\"><\/i>\r\n            \t                +58 414-8147324            <\/li>\r\n        <\/ul>\r\n        <\/div>\r\n\r\n    <\/a>\r\n        <div class=\"lf-head level-normal\">\r\n    \r\n    <\/div><\/div>\r\n\r\n<\/div>\r\n<\/div>\t\t\t<\/div>\r\n\t\t\r\n\t\t\t\t\t<\/div>\r\n\r\n<\/div>\r\n<\/section>\r\n\t\t<\/div>\n\t\t\t\t<\/div>\n\t\t\t\t\t<\/div>\n\t\t<\/div>\n\t\t\t\t\t<\/div>\n\t\t<\/section>\n\t\t\t\t<section class=\"elementor-section elementor-top-section elementor-element elementor-element-a2e1ce5 elementor-section-boxed elementor-section-height-default elementor-section-height-default\" data-id=\"a2e1ce5\" data-element_type=\"section\" data-settings=\"{&quot;background_background&quot;:&quot;classic&quot;}\">\n\t\t\t\t\t\t<div class=\"elementor-container elementor-column-gap-default\">\n\t\t\t\t\t<div class=\"elementor-column elementor-col-100 elementor-top-column elementor-element elementor-element-8251b76\" data-id=\"8251b76\" data-element_type=\"column\">\n\t\t\t<div class=\"elementor-widget-wrap elementor-element-populated\">\n\t\t\t\t\t\t<div class=\"elementor-element elementor-element-d4aa1de elementor-widget elementor-widget-heading\" data-id=\"d4aa1de\" data-element_type=\"widget\" data-widget_type=\"heading.default\">\n\t\t\t\t<div class=\"elementor-widget-container\">\n\t\t\t<h2 class=\"elementor-heading-title elementor-size-default\">Dental Highlights<\/h2>\t\t<\/div>\n\t\t\t\t<\/div>\n\t\t\t\t<div class=\"elementor-element elementor-element-de061d1 elementor-widget elementor-widget-case27-listing-feed-widget\" data-id=\"de061d1\" data-element_type=\"widget\" data-widget_type=\"case27-listing-feed-widget.default\">\n\t\t\t\t<div class=\"elementor-widget-container\">\n\t\t\t\r\n<section class=\"i-section listing-feed \"\r\n\tdata-lf-config=\"{&quot;widget_id&quot;:&quot;de061d1&quot;,&quot;template&quot;:&quot;grid&quot;,&quot;listing_types&quot;:[&quot;dentais-online&quot;,&quot;dentais-fisicas&quot;],&quot;pagination&quot;:{&quot;enabled&quot;:false,&quot;type&quot;:&quot;prev-next&quot;},&quot;disable_isotope&quot;:false,&quot;filters&quot;:{&quot;page&quot;:null,&quot;posts_per_page&quot;:3,&quot;order_by&quot;:&quot;rand&quot;,&quot;order&quot;:&quot;DESC&quot;,&quot;priority&quot;:[&quot;featured&quot;],&quot;behavior&quot;:&quot;yes&quot;,&quot;authors&quot;:[],&quot;categories&quot;:&quot;&quot;,&quot;regions&quot;:&quot;&quot;,&quot;tags&quot;:&quot;&quot;,&quot;custom_taxonomies&quot;:[],&quot;listings&quot;:[{&quot;listing_id&quot;:&quot;&quot;,&quot;_id&quot;:&quot;k5l3300&quot;}]},&quot;listing_wrap&quot;:&quot;col-lg-4 col-md-4 col-sm-6 col-xs-12 grid-item&quot;,&quot;query&quot;:{&quot;method&quot;:&quot;filters&quot;,&quot;string&quot;:&quot;&quot;,&quot;cache_for&quot;:720}}\"\r\n>\r\n<div class=\"container-fluid\">\r\n\t<div class=\"row section-body\">\r\n\t\t\r\n\t\t\t\t\t<div class=\"no-results-wrapper\">\r\n\t\t\t\t<i class=\"no-results-icon mi mood_bad\"><\/i>\r\n\t\t\t\t<li role=\"presentation\" class=\"no_job_listings_found\">\r\n\t\t\t\t\tThere are no listings matching your search.\t\t\t\t<\/li>\r\n\t\t\t<\/div>\r\n\t\t\t\t\t<\/div>\r\n\r\n<\/div>\r\n<\/section>\r\n\t\t<\/div>\n\t\t\t\t<\/div>\n\t\t\t\t\t<\/div>\n\t\t<\/div>\n\t\t\t\t\t<\/div>\n\t\t<\/section>\n\t\t\t\t<section class=\"elementor-section elementor-top-section elementor-element elementor-element-30888bd1 elementor-section-height-min-height elementor-section-boxed elementor-section-height-default elementor-section-items-middle\" data-id=\"30888bd1\" data-element_type=\"section\" data-settings=\"{&quot;background_background&quot;:&quot;classic&quot;}\">\n\t\t\t\t\t\t<div class=\"elementor-container elementor-column-gap-default\">\n\t\t\t\t\t<div class=\"elementor-column elementor-col-100 elementor-top-column elementor-element elementor-element-4a467532\" data-id=\"4a467532\" data-element_type=\"column\">\n\t\t\t<div class=\"elementor-widget-wrap elementor-element-populated\">\n\t\t\t\t\t\t<section class=\"elementor-section elementor-inner-section elementor-element elementor-element-72b947e0 elementor-section-boxed elementor-section-height-default elementor-section-height-default\" data-id=\"72b947e0\" data-element_type=\"section\">\n\t\t\t\t\t\t<div class=\"elementor-container elementor-column-gap-default\">\n\t\t\t\t\t<div class=\"elementor-column elementor-col-50 elementor-inner-column elementor-element elementor-element-7e457ad5\" data-id=\"7e457ad5\" data-element_type=\"column\">\n\t\t\t<div class=\"elementor-widget-wrap elementor-element-populated\">\n\t\t\t\t\t\t<div class=\"elementor-element elementor-element-6160a328 elementor-widget elementor-widget-heading\" data-id=\"6160a328\" data-element_type=\"widget\" data-widget_type=\"heading.default\">\n\t\t\t\t<div class=\"elementor-widget-container\">\n\t\t\t<h2 class=\"elementor-heading-title elementor-size-default\">Register your Dental<\/h2>\t\t<\/div>\n\t\t\t\t<\/div>\n\t\t\t\t\t<\/div>\n\t\t<\/div>\n\t\t\t\t<div class=\"elementor-column elementor-col-50 elementor-inner-column elementor-element elementor-element-356f1bb7\" data-id=\"356f1bb7\" data-element_type=\"column\">\n\t\t\t<div class=\"elementor-widget-wrap elementor-element-populated\">\n\t\t\t\t\t\t<div class=\"elementor-element elementor-element-ab8b9ff elementor-align-left elementor-tablet-align-center elementor-mobile-align-center elementor-widget elementor-widget-button\" data-id=\"ab8b9ff\" data-element_type=\"widget\" data-widget_type=\"button.default\">\n\t\t\t\t<div class=\"elementor-widget-container\">\n\t\t\t\t\t\t\t<div class=\"elementor-button-wrapper\">\n\t\t\t\t\t<a class=\"elementor-button elementor-button-link elementor-size-md\" href=\"\/ing\/onde-encontrar\/add-dental\/\">\n\t\t\t\t\t\t<span class=\"elementor-button-content-wrapper\">\n\t\t\t\t\t\t\t\t\t<span class=\"elementor-button-text\">Register<\/span>\n\t\t\t\t\t<\/span>\n\t\t\t\t\t<\/a>\n\t\t\t\t<\/div>\n\t\t\t\t\t\t<\/div>\n\t\t\t\t<\/div>\n\t\t\t\t\t<\/div>\n\t\t<\/div>\n\t\t\t\t\t<\/div>\n\t\t<\/section>\n\t\t\t\t\t<\/div>\n\t\t<\/div>\n\t\t\t\t\t<\/div>\n\t\t<\/section>\n\t\t\t\t<\/div>\n\t\t","protected":false},"excerpt":{"rendered":"<p>Where to find Vigodent products? Find distributors near you! Best Rated Dental Dental Ecoglobal Um novo conceito em Dental (13)3474-5285 Rua Jundia\u00ed OPEN Dental Com\u00e9rcio ? Produtos odontol\u00f3gicos e prot\u00e9ticos (81) 3034-2982 Avenida Jo\u00e3o De Barros 1468 OPEN Dentalvale (51)3714-2892 Rua Emilio Abichequer OPEN Dental Highlights There are no listings matching your search. Register your [&hellip;]<\/p>\n","protected":false},"author":1,"featured_media":0,"parent":0,"menu_order":0,"comment_status":"closed","ping_status":"closed","template":"","meta":{"footnotes":""},"class_list":["post-58","page","type-page","status-publish","hentry"],"acf":[],"_links":{"self":[{"href":"https:\/\/vigodent.com.br\/ing\/onde-encontrar\/wp-json\/wp\/v2\/pages\/58","targetHints":{"allow":["GET"]}}],"collection":[{"href":"https:\/\/vigodent.com.br\/ing\/onde-encontrar\/wp-json\/wp\/v2\/pages"}],"about":[{"href":"https:\/\/vigodent.com.br\/ing\/onde-encontrar\/wp-json\/wp\/v2\/types\/page"}],"author":[{"embeddable":true,"href":"https:\/\/vigodent.com.br\/ing\/onde-encontrar\/wp-json\/wp\/v2\/users\/1"}],"replies":[{"embeddable":true,"href":"https:\/\/vigodent.com.br\/ing\/onde-encontrar\/wp-json\/wp\/v2\/comments?post=58"}],"version-history":[{"count":129,"href":"https:\/\/vigodent.com.br\/ing\/onde-encontrar\/wp-json\/wp\/v2\/pages\/58\/revisions"}],"predecessor-version":[{"id":664,"href":"https:\/\/vigodent.com.br\/ing\/onde-encontrar\/wp-json\/wp\/v2\/pages\/58\/revisions\/664"}],"wp:attachment":[{"href":"https:\/\/vigodent.com.br\/ing\/onde-encontrar\/wp-json\/wp\/v2\/media?parent=58"}],"curies":[{"name":"wp","href":"https:\/\/api.w.org\/{rel}","templated":true}]}}