{"id":2559,"date":"2024-05-01T15:15:56","date_gmt":"2024-05-01T18:15:56","guid":{"rendered":"https:\/\/vigodent.com.br\/esp\/?post_type=product&#038;p=2559"},"modified":"2024-05-31T17:09:23","modified_gmt":"2024-05-31T16:09:23","slug":"edta-liquido-18","status":"publish","type":"product","link":"https:\/\/vigodent.com.br\/esp\/produto\/edta-liquido-18\/","title":{"rendered":"EDTA L\u00edquido 18%"},"content":{"rendered":"","protected":false},"excerpt":{"rendered":"<p>El EDTA l\u00edquido al 18% es un agente quelante utilizado dentro de la cavidad pulpar para preparar las paredes de los conductos radiculares. Act\u00faa desmineralizando las part\u00edculas de dentina, facilitando su disoluci\u00f3n y eliminando eficazmente el barro y los raspados dentinarios, aumentando la permeabilidad de la dentina y facilitando la adherencia del tejido conectivo tratado a la superficie radicular en la terapia periodontal.<\/p>\n","protected":false},"featured_media":2644,"comment_status":"open","ping_status":"closed","template":"","meta":{"_acf_changed":false},"product_brand":[],"product_cat":[81],"product_tag":[],"class_list":{"0":"post-2559","1":"product","2":"type-product","3":"status-publish","4":"has-post-thumbnail","6":"product_cat-essenciais","8":"first","9":"instock","10":"shipping-taxable","11":"product-type-simple"},"acf":[],"_links":{"self":[{"href":"https:\/\/vigodent.com.br\/esp\/wp-json\/wp\/v2\/product\/2559","targetHints":{"allow":["GET"]}}],"collection":[{"href":"https:\/\/vigodent.com.br\/esp\/wp-json\/wp\/v2\/product"}],"about":[{"href":"https:\/\/vigodent.com.br\/esp\/wp-json\/wp\/v2\/types\/product"}],"replies":[{"embeddable":true,"href":"https:\/\/vigodent.com.br\/esp\/wp-json\/wp\/v2\/comments?post=2559"}],"wp:featuredmedia":[{"embeddable":true,"href":"https:\/\/vigodent.com.br\/esp\/wp-json\/wp\/v2\/media\/2644"}],"wp:attachment":[{"href":"https:\/\/vigodent.com.br\/esp\/wp-json\/wp\/v2\/media?parent=2559"}],"wp:term":[{"taxonomy":"product_brand","embeddable":true,"href":"https:\/\/vigodent.com.br\/esp\/wp-json\/wp\/v2\/product_brand?post=2559"},{"taxonomy":"product_cat","embeddable":true,"href":"https:\/\/vigodent.com.br\/esp\/wp-json\/wp\/v2\/product_cat?post=2559"},{"taxonomy":"product_tag","embeddable":true,"href":"https:\/\/vigodent.com.br\/esp\/wp-json\/wp\/v2\/product_tag?post=2559"}],"curies":[{"name":"wp","href":"https:\/\/api.w.org\/{rel}","templated":true}]}}